lions digit of 711858790?
1
What is the ten thousands digit of 4390249500?
4
What is the units digit of 85338224?
4
What is the thousands digit of 3277334375?
4
What is the units digit of 519675181?
1
What is the millions digit of 963558483?
3
What is the units digit of 63225942?
2
What is the ten millions digit of 17763753?
1
What is the thousands digit of 273399254?
9
What is the ten millions digit of 50073877?
5
What is the hundreds digit of 51204199?
1
What is the hundred thousands digit of 2415401917?
4
What is the ten thousands digit of 87460522?
6
What is the ten millions digit of 21141843?
2
What is the ten millions digit of 4509005160?
0
What is the hundred thousands digit of 77554690?
5
What is the units digit of 2356659299?
9
What is the hundred thousands digit of 12332162?
3
What is the ten millions digit of 611403958?
1
What is the ten millions digit of 467503566?
6
What is the hundreds digit of 112613150?
1
What is the ten millions digit of 59734262?
5
What is the hundred thousands digit of 197416959?
4
What is the ten millions digit of 93501151?
9
What is the thousands digit of 451341311?
1
What is the ten millions digit of 2264252646?
6
What is the units digit of 818048466?
6
What is the hundreds digit of 244604557?
5
What is the ten millions digit of 5166000454?
6
What is the hundred thousands digit of 219653537?
6
What is the thousands digit of 825975411?
5
What is the ten thousands digit of 70547682?
4
What is the hundred thousands digit of 435373243?
3
What is the units digit of 660595?
5
What is the units digit of 9842211?
1
What is the hundreds digit of 358075712?
7
What is the millions digit of 22284489?
2
What is the units digit of 158069018?
8
What is the millions digit of 947730669?
7
What is the tens digit of 553789447?
4
What is the hundred thousands digit of 14750044?
7
What is the millions digit of 97317506?
7
What is the millions digit of 2070924?
2
What is the tens digit of 25694295?
9
What is the thousands digit of 4774109642?
9
What is the hundreds digit of 1737945015?
0
What is the hundred thousands digit of 203231853?
2
What is the ten thousands digit of 1675841103?
4
What is the millions digit of 35359028?
5
What is the tens digit of 837373325?
2
What is the hundred millions digit of 1869877704?
8
What is the tens digit of 17769227?
2
What is the hundreds digit of 403743215?
2
What is the hundred thousands digit of 66901221?
9
What is the millions digit of 770925417?
0
What is the hundred millions digit of 1806716286?
8
What is the hundreds digit of 220090334?
3
What is the units digit of 676148336?
6
What is the thousands digit of 67313875?
3
What is the millions digit of 131049258?
1
What is the thousands digit of 228200668?
0
What is the millions digit of 4841432240?
1
What is the hundreds digit of 140196606?
6
What is the hundred thousands digit of 258488974?
4
What is the hundred millions digit of 1989195065?
9
What is the hundred thousands digit of 17029714?
0
What is the hundred millions digit of 122387052?
1
What is the thousands digit of 92800467?
0
What is the ten millions digit of 1381023050?
8
What is the hundred thousands digit of 98748814?
7
What is the thousands digit of 1220137244?
7
What is the hundreds digit of 18141253?
2
What is the ten millions digit of 114005159?
1
What is the hundred millions digit of 185997861?
1
What is the hundred thousands digit of 1634054430?
0
What is the units digit of 63614673?
3
What is the tens digit of 1403641186?
8
What is the ten millions digit of 256778703?
5
What is the units digit of 231471886?
6
What is the hundred millions digit of 1250943016?
2
What is the ten thousands digit of 602007395?
0
What is the thousands digit of 928783577?
3
What is the millions digit of 2006381491?
6
What is the ten thousands digit of 95926969?
2
What is the hundreds digit of 5231791345?
3
What is the thousands digit of 1833972112?
2
What is the billions digit of 4324484531?
4
What is the ten thousands digit of 108021557?
2
What is the millions digit of 2032223545?
2
What is the hundred millions digit of 177426552?
1
What is the units digit of 17576774?
4
What is the ten thousands digit of 328114214?
1
What is the millions digit of 224332866?
4
What is the tens digit of 208286582?
8
What is the thousands digit of 9680434?
0
What is the millions digit of 827924058?
7
What is the thousands digit of 111926417?
6
What is the ten thousands digit of 537789580?
8
What is the units digit of 177521897?
7
What is the millions digit of 19245059?
9
What is the hundred thousands digit of 527071725?
0
What is the ten thousands digit of 23624591?
2
What is the millions digit of 73490246?
3
What is the tens digit of 17223734?
3
What is the thousands digit of 21442748?
2
What is the ten thousands digit of 38887946?
8
What is the tens digit of 316890635?
3
What is the tens digit of 6570170819?
1
What is the hundred thousands digit of 43769971?
7
What is the hundreds digit of 43799542?
5
What is the millions digit of 3627050?
3
What is the millions digit of 157699345?
7
What is the hundreds digit of 308708928?
9
What is the units digit of 311024255?
5
What is the hundred millions digit of 295502180?
2
What is the hundreds digit of 167917258?
2
What is the ten millions digit of 3421826500?
2
What is the ten thousands digit of 60097347?
9
What is the ten millions digit of 9332709214?
3
What is the millions digit of 2061746952?
1
What is the hundred thousands digit of 586011383?
0
What is the ten thousands digit of 1065859535?
5
What is the hundred millions digit of 4890442627?
8
What is the hundred millions digit of 1674310396?
6
What is the hundreds digit of 4578022?
0
What is the millions digit of 44979288?
4
What is the units digit of 352743945?
5
What is the hundred millions digit of 181935396?
1
What is the hundred thousands digit of 217299217?
2
What is the ten thousands digit of 1802741658?
4
What is the hundreds digit of 245557143?
1
What is the millions digit of 1699871202?
9
What is the hundreds digit of 245484990?
9
What is the units digit of 49908563?
3
What is the ten millions digit of 3645317875?
4
What is the ten thousands digit of 110901717?
0
What is the tens digit of 140523196?
9
What is the ten millions digit of 71434114?
7
What is the hundred thousands digit of 188773600?
7
What is the hundreds digit of 131145557?
5
What is the ten thousands digit of 344140362?
4
What is the tens digit of 241673943?
4
What is the hundreds digit of 3313250?
2
What is the hundred millions digit of 192349613?
1
What is the tens digit of 108403838?
3
What is the millions digit of 675134256?
5
What is the tens digit of 880076730?
3
What is the thousands digit of 369447516?
7
What is the hundred thousands digit of 854973827?
9
What is the units digit of 48255723?
3
What is the tens digit of 593503450?
5
What is the ten millions digit of 33459194?
3
What is the hundreds digit of 16233858?
8
What is the hundreds digit of 72433641?
6
What is the hundred thousands digit of 24293983?
2
What is the ten millions digit of 2287913062?
8
What is the hundred thousands digit of 5659810343?
8
What is the billions digit of 8222223861?
8
What is the hundred millions digit of 633385125?
6
What is the thousands digit of 71126298?
6
What is the thousands digit of 2473136562?
6
What is the millions digit of 4205580?
4
What is the hundred thousands digit of 19896518?
8
What is the thousands digit of 1327304713?
4
What is the ten millions digit of 61447758?
6
What is the hundreds digit of 537183785?
7
What is the millions digit of 54786742?
4
What is the thousands digit of 1458667813?
7
What is the hundreds digit of 203890169?
1
What is the thousands digit of 12530807?
0
What is the units digit of 613449953?
3
What is the hundreds digit of 105307120?
1
What is the ten millions digit of 3754572408?
5
What is the units digit of 208028059?
9
What is the tens digit of 47472415?
1
What is the ten thousands digit of 86264330?
6
What is the ten thousands digit of 132693724?
9
What is the hundred thousands digit of 186829849?
8
What is the millions digit of 1555386458?
5
What is the tens digit of 101856167?
6
What is the ten millions digit of 4365680788?
6
What is the hundred thousands digit of 877846325?
8
What is the